e 6, what is 25025 + -302?
24323
In base 3, what is 1110221 - -22221?
1210212
In base 14, what is 1 - -13d51?
13d52
In base 6, what is 1021 + 222?
1243
In base 14, what is -2 - -12413?
12411
In base 2, what is -100001101 + 101000101111?
100100100010
In base 9, what is -3205 + -5?
-3211
In base 8, what is 0 + -12461?
-12461
In base 14, what is -a4 + c6b?
ba7
In base 15, what is -40552 - 1?
-40553
In base 16, what is -2443 - -4?
-243f
In base 3, what is 20101210 - -1220?
20110200
In base 7, what is -2 + 35134?
35132
In base 6, what is 525511230 - 5?
525511221
In base 5, what is 343043 + 2013?
400111
In base 12, what is 3b9469 - 2?
3b9467
In base 2, what is -10101 + -10001010100?
-10001101001
In base 9, what is 314778 + 5?
314784
In base 3, what is -110 - 20011000?
-20011110
In base 14, what is 526 + 7?
52d
In base 9, what is -36 - 6081?
-6127
In base 13, what is 4a998 - 3?
4a995
In base 8, what is 17 + -67647?
-67630
In base 4, what is 23 - -1022102133?
1022102222
In base 11, what is -3 - 17282?
-17285
In base 13, what is 2b32 + 9c?
2c01
In base 6, what is 355153 + 4?
355201
In base 7, what is 33445 - -24?
33502
In base 15, what is -7a + 6b?
-e
In base 7, what is 1064 - -21?
1115
In base 13, what is -b3 + -885?
-968
In base 14, what is -1161 - -4?
-115b
In base 4, what is 3 - 1132302?
-1132233
In base 7, what is 4 - 1231112?
-1231105
In base 11, what is 1a71 + a?
1a80
In base 7, what is -4220 - -2526?
-1361
In base 10, what is 123 - -81?
204
In base 9, what is 122 - 2843?
-2721
In base 8, what is -5403 + 510?
-4673
In base 5, what is 41203431 + 10?
41203441
In base 14, what is -53404 + 10?
-533d4
In base 3, what is 10200211212 + -22?
10200211120
In base 5, what is -10 - -22333440?
22333430
In base 3, what is 1022 + -11112200?
-11111101
In base 3, what is -11 + -201001122021?
-201001122102
In base 15, what is -317 - -17d?
-189
In base 7, what is 3 - -211363?
211366
In base 6, what is -2 + 121524?
121522
In base 7, what is 14 - 31?
-14
In base 5, what is 141 - -13?
204
In base 3, what is 121001122010 + -12?
121001121221
In base 6, what is -114 + -20211?
-20325
In base 15, what is -8bbd + -8?
-8bc6
In base 5, what is -231010 - -4?
-231001
In base 6, what is 105500 - 1154?
104302
In base 7, what is 5 - 12062?
-12054
In base 14, what is -dd + 5ad?
4b0
In base 16, what is 17445 - 2?
17443
In base 5, what is 4 + -104112021?
-104112012
In base 2, what is -1010 - 111010101110?
-111010111000
In base 3, what is -1 - -1221211?
1221210
In base 6, what is -144 - 32320?
-32504
In base 12, what is 7728 - a0?
7648
In base 9, what is -781 - -18?
-762
In base 12, what is 13588 + -40?
13548
In base 16, what is -4 + -fd98?
-fd9c
In base 10, what is 4 + -1670618?
-1670614
In base 13, what is 1ab + -5?
1a6
In base 15, what is -410 - 199?
-5a9
In base 5, what is 12111133 + -2?
12111131
In base 16, what is -a68 - a3?
-b0b
In base 16, what is 3cc7 - 39?
3c8e
In base 15, what is 92 + -3c37?
-3b95
In base 8, what is -45077 + 120?
-44757
In base 4, what is -1132 - -1010?
-122
In base 4, what is -1010130 + 230?
-1003300
In base 10, what is -1176 + -1163?
-2339
In base 14, what is 1db47 + -2?
1db45
In base 7, what is 115213 - 3?
115210
In base 3, what is -21002 + 1212?
-12020
In base 8, what is 6 + -646425?
-646417
In base 2, what is -10000000000100011 + 11?
-10000000000100000
In base 2, what is 110001100000101 - -101001?
110001100101110
In base 10, what is 5 + 153829?
153834
In base 7, what is -123 + 0?
-123
In base 4, what is -11 - -11133130?
11133113
In base 6, what is -124 + -5244?
-5412
In base 6, what is -45 + -200022?
-200111
In base 7, what is 5 - 5614146?
-5614141
In base 7, what is 5 - -415261?
415266
In base 15, what is -7cc9 - a?
-7cd4
In base 5, what is 43140302 - 2?
43140300
In base 6, what is -2 - 1110203?
-1110205
In base 6, what is 0 + -3341211?
-3341211
In base 9, what is 3362 - 26?
3335
In base 10, what is -7 + 538815?
538808
In base 15, what is -3d51 + 2?
-3d4e
In base 16, what is 1806f6 - 0?
1806f6
In base 4, what is -130302 + -1120?
-132022
In base 10, what is -5 - 378692?
-378697
In base 8, what is -22 - -6175?
6153
In base 7, what is -115042 - 1?
-115043
In base 16, what is b051 + 3?
b054
In base 7, what is -2411565 - -1?
-2411564
In base 14, what is 4a - -a43?
a8d
In base 2, what is -10 + -110000011000001011100?
-110000011000001011110
In base 12, what is 54 - -5440?
5494
In base 5, what is -3 - 341431?
-341434
In base 4, what is 11 - -3213320?
3213331
In base 14, what is 694 + 22b?
8c1
In base 13, what is -17 + 3204?
31ba
In base 14, what is 331 + 1b8?
509
In base 3, what is -10011022201 - -11?
-10011022120
In base 5, what is -41120120 - -10?
-41120110
In base 4, what is 1003 - 103303?
-102300
In base 8, what is 5 - 571324?
-571317
In base 3, what is 122211 - -1012?
201000
In base 16, what is 1 + -9239?
-9238
In base 8, what is 0 - -174100?
174100
In base 16, what is 6 + -695f5?
-695ef
In base 10, what is -22 + -114187?
-114209
In base 15, what is ada - -146?
c31
In base 15, what is -9bb + -13?
-9ce
In base 15, what is -3 + -1e891?
-1e894
In base 8, what is -42452 - -51?
-42401
In base 15, what is e5d483 - 3?
e5d480
In base 8, what is -5 + 631371?
631364
In base 12, what is -1b51a - 1?
-1b51b
In base 16, what is 2a4f - 2?
2a4d
In base 3, what is 20 - -121200011210?
121200012000
In base 4, what is 1 + -312201?
-312200
In base 10, what is 442 - 79?
363
In base 12, what is 611a3 - 0?
611a3
In base 7, what is 1046 - 31?
1015
In base 7, what is 0 - 246223?
-246223
In base 3, what is 1021 - -1212202011?
1212210102
In base 16, what is 5 - 11b?
-116
In base 11, what is 2 - 3774?
-3772
In base 12, what is -4 + -44602?
-44606
In base 2, what is -10101000101 - -1011?
-10100111010
In base 12, what is -69637 - -4?
-69633
In base 6, what is -2451 - 33425?
-40320
In base 14, what is -86745 + 3?
-86742
In base 15, what is -2d7b7 - 5?
-2d7bc
In base 4, what is 31 + 3012?
3103
In base 3, what is -11010 + -102021001?
-102102011
In base 4, what is 3 + -231311000?
-231310331
In base 12, what is 38a + 14?
3a2
In base 14, what is 5a70d + 5?
5a714
In base 5, what is 1 - -2422224?
2422230
In base 5, what is 20124224 + -3?
20124221
In base 12, what is 3 - 1a1?
-19a
In base 6, what is -404150 - 0?
-404150
In base 13, what is -4 + 22a59?
22a55
In base 2, what is 101000110100 + -1001?
101000101011
In base 2, what is -10011100110000 - 10101?
-10011101000101
In base 11, what is 2 + 27835?
27837
In base 10, what is -93303 + -2?
-93305
In base 4, what is -101130 - 20?
-101210
In base 14, what is -36 + -1400a?
-14042
In base 9, what is 134 - 1400?
-1255
In base 5, what is 102023 - -2032?
104110
In base 14, what is -3448 - a?
-3454
In base 15, what is -b + -2cec?
-2d08
In base 14, what is -171b10 - 5?
-171b15
In base 7, what is -34 - 1150132?
-1150166
In base 7, what is -32110 + -5?
-32115
In base 6, what is -2200015 + -5?
-2200024
In base 9, what is 2044 - -180?
2234
In base 14, what is -2 - 1b09?
-1b0b
In base 13, what is 1 - -40b9?
40ba
In base 9, what is -16134 - -10?
-16124
In base 4, what is -21 + 121002320?
121002233
In base 9, what is -1 - -35013?
35012
In base 13, what is -71 + -9099?
-913a
In base 8, what is 420007 + 0?
420007
In base 14, what is 22d4b + -2?
22d49
In base 4, what is -103302322 - -12?
-103302310
In base 15, what is -2b893 - 1?
-2b894
In base 6, what is -2 - 44553?
-44555
In base 7, what is 231 - 406?
-145
In base 12, what is 30277 - 3?
30274
In base 10, what is -32507 + -5?
-32512
In base 12, what is -1 - -18885?
18884
In base 5, what is 1331221 - -4?
1331230
In base 6, what is 243 + -2301?
-2014
In base 3, what is 10021212101110 - 12?
10021212101021
In base 9, what is 55414 + -1?
55413
In base 11, what is -97 + -6a?
-156
In base 15, what is 413 + -8b8?
-4a5
In base 13, what is -7 - c535?
-c53c
In base 16, what is e0e - 14?
dfa
In base 9, what is 11004 + -10?
10884
In base 8, what is 0 - 1541542?
-1541542
In base 10, what is -1832 - 205?
-2037
In base 16, what is -5 + 2ecbc?
2ecb7
In base 11, what is 1686 + -82?
1604
In base 9, what is 446 + 1545?
2102
In base 6, what is -141415 - 112?
-141531
In base 7, what is 36641 + -5?
36633
In base 7, what is -342 - 5524?
-6166
In base 6, what is 1 + 1234252?
1234253
In base 11, what is 276 - -508?
783
In base 11, w